te the remainder when i(4) is divided by 5.
4
Let n(d) = 29*d**2 + 73*d - 221. What is the remainder when n(3) is divided by 97?
65
Let b = -5331 + 5444. Calculate the remainder when b is divided by 10.
3
Suppose p = -0*p - 58. Let v = p - -49. Calculate the remainder when 23 is divided by 5/(60/8)*v*-1.
5
Let r(n) = n**2 - 89*n + 5. Calculate the remainder when 371 is divided by r(0).
1
Suppose -2*s = 2, -s + 27 = -x + 24. What is the remainder when 87 is divided by 61 - ((-24)/16)/(6/x)?
27
Calculate the remainder when 1*(-6)/(-9) + 8982/54 is divided by 140.
27
Let k(h) = -h**3 - 15*h**2 - 24*h - 39. What is the remainder when 1304 is divided by k(-14)?
92
Let m = -263 - -263. Suppose -6*l + 755 + 265 = m. What is the remainder when l is divided by 9?
8
Suppose -1681 - 4591 + 1352 = -328*w. What is the remainder when 298 is divided by w?
13
Let i be -3*(2 - -1 - 4). Suppose i*b - 142 = 218. Suppose b = -37*k + 45*k. What is the remainder when k is divided by 8?
7
Suppose 24*o - 337 - 599 = 0. Suppose -561 = -10*u + o. Calculate the remainder when u is divided by 32.
28
Let u be 0/(2 - 5) - -7. Let n be 40 + 7/(u/(-2)). Suppose n = q + 9. What is the remainder when 54 is divided by q?
25
Let g(q) = 4*q**2 - 8*q - 47. Let a(s) = -7*s**2 + 14*s + 93. Let d(x) = -3*a(x) - 5*g(x). What is the remainder when d(11) is divided by 10?
5
Suppose -q - 218 = -221. Suppose -5*w - 79 = -2*a - 0*a, 0 = -2*a - q*w + 55. Calculate the remainder when 254 is divided by a.
30
Let m(u) = 11*u**2 - 374*u - 139. Calculate the remainder when m(35) is divided by 42.
36
Suppose 3926 = 41*t + 3024. Calculate the remainder when 6178 is divided by t.
18
Suppose -62 = -2*v + 36. Suppose -1567*m + 1571*m = 772. Calculate the remainder when m is divided by v.
46
Let c(p) = -5*p**3 + 210*p**2 - 2*p + 110. Suppose 5*t + 232 = 6*t. What is the remainder when t is divided by c(42)?
24
Let t = -20 - -40. Suppose -4*o - 12 = 0, -t + 6 = -r - 2*o. Let g(k) = k**3 - 20*k**2 - k + 28. What is the remainder when g(r) is divided by 2?
0
Let a = 2856 + -2848. What is the remainder when 119 is divided by a?
7
Suppose r = -3*w + 59, 4*r + w - 243 + 51 = 0. What is the remainder when 342 is divided by r?
13
Suppose 0*h - 3*h = -111. Let v(b) = 16*b**2 + 6. Let i(x) = -17*x**2 + x - 7. Let m(n) = 3*i(n) + 4*v(n). What is the remainder when h is divided by m(-1)?
11
Suppose 0 = m + 3*m - 164. What is the remainder when m is divided by (-23 + 1)/(-3*2/6)?
19
Let b = 136 + -86. Suppose 22*t = 19*t + 582. What is the remainder when t is divided by b?
44
Suppose 179*w + 213*w - 2520 = 140*w. Suppose -2*f + 0*f + 510 = 3*u, 4*f - 516 = -3*u. What is the remainder when u is divided by w?
8
Let o(q) = -3*q**3 - 16*q**2 - 44*q - 33. Calculate the remainder when 297 is divided by o(-2).
12
Suppose -11*o - 49*o = -610 - 170. Calculate the remainder when 3053 is divided by o.
11
Let c(i) = -i + 12. Let v be c(14). Let j be (v/(-6))/((-669)/333 + 2). Let t = 43 + j. Calculate the remainder when 17 is divided by t.
5
Let j(k) = 7*k + 544. Calculate the remainder when j(22) is divided by 25.
23
Let i = 919 - 905. Suppose -4*b - 3*a = -435, -3*b + 295 = -3*a - a. What is the remainder when b is divided by i?
7
Let r(x) = -2*x - 2. Let g be r(-3). Suppose -5*b + g*v = 7*v - 1424, -2*b + 575 = 3*v. What is the remainder when b is divided by 15?
13
Let j be (-1)/(-2) + (-3)/(-6)*55. Let b = j - 26. Suppose 0 = b*n - n - 4, -4*s + 4*n - 8 = 0. Calculate the remainder when 7 is divided by s.
1
Let q = -24078 + 24336. Calculate the remainder when q is divided by 37.
36
Let z be (4/14)/(9/126). Suppose -27 - 80 = -z*o - 3*k, 2*o + 5*k = 43. What is the remainder when 144 is divided by o?
28
Suppose -3 - 2 = -w. Let i(y) be the second derivative of y**5/20 - 5*y**4/12 + y**3/3 - 5*y**2/2 - 786*y. Calculate the remainder when i(w) is divided by 4.
1
Let u be (-6)/(-27) + 440/(-36). Let x(y) = y**3 + 16*y**2 + 7*y - 21. What is the remainder when x(u) is divided by 79?
76
Suppose o = -2*h - 1, 3*o - 5 - 6 = h. Suppose 12 = -4*s, o*c - 40 = s + 59. Let v(y) = y**2. What is the remainder when c is divided by v(3)?
5
Suppose 0*m = 2*m - 6*m. Suppose z = 2*s + 7, m*z + 4*s + 7 = z. What is the remainder when 34 is divided by z?
6
Let s(z) = -1594*z + 3270. What is the remainder when 1733 is divided by s(2)?
11
Let g = 167 - 266. What is the remainder when 4/(0 - 3/g) is divided by 67?
65
Let z(q) = 3*q**3 - 3*q + 3. Suppose 20*x - 1300 = 1380. Calculate the remainder when x is divided by z(2).
8
Calculate the remainder when 1431/(-54)*(0 + -48) is divided by 10.
2
Suppose -64*v = 262*v - 83456. Calculate the remainder when 768 is divided by v.
0
Suppose -5134 = -5*c - b, c + 178 - 1210 = 5*b. Calculate the remainder when c is divided by 82.
43
Let d = 4 + 94. Calculate the remainder when d is divided by 8.
2
Calculate the remainder when 3731 is divided by -2*(-150)/60*(2 + 1).
11
Let a(d) = -28*d - 77. Let c be 12*(3 + 42/(-12)). What is the remainder when a(c) is divided by -4*31*3/(-12)?
29
Let n(w) = w**2 - 73*w - 1194. What is the remainder when 36 is divided by n(-14)?
12
Let f(c) = 7*c**2 - 5*c. Let n be f(1). Suppose -n*h = 273 - 337. What is the remainder when 109 is divided by h?
13
Suppose 175 = 2*a - v - 70, -2*a + 6*v + 220 = 0. Calculate the remainder when 264 is divided by a.
14
Let b = -3 - -3. Suppose -w - 2*v + 16 = 0, 4*v + 40 = 4*w - b. Suppose -1406 = -256*z + 10114. What is the remainder when z is divided by w?
9
Suppose 0 = 4*n + 5*p - 242 - 547, -2*n = -p - 405. What is the remainder when n is divided by (11/(121/(-22)) + -24)/(3 + -4)?
19
Let x be 2*3/4*(-400)/(-24). Let h(w) = 2*w + 0 + x - 4*w. Calculate the remainder when 99 is divided by h(0).
24
Suppose -5*r - 10 = -45. Suppose y + 24 = r*y. What is the remainder when 6*-31*(-2)/y is divided by 24?
21
Let g(n) = 8*n - 2*n**2 + 4*n + 0*n + 7*n + 14. Let z be g(10). Suppose 5*c + 35 = z*f, -3*c = -0*f + f - 13. Calculate the remainder when 16 is divided by f.
6
Suppose 2*g = 11*g - 11 - 124. Calculate the remainder when 1573 is divided by g.
13
Let i(o) = 2*o + 2*o - 23*o**2 - 5 + 32*o**2 + 3*o**2. Calculate the remainder when i(3) is divided by 39.
37
Let q(k) = -32*k - 3. Let w(s) be the third derivative of 11*s**4/12 - s**3/6 - 69*s**2. Calculate the remainder when q(-2) is divided by w(1).
19
Let x(t) = -3*t**3 - 54*t**2 + 3*t + 88. Let h = 6 - 3. Suppose -163 = h*g - 568. Calculate the remainder when g is divided by x(-18).
33
Let l(i) = -i**3 + 28*i**2 - 151*i + 17. Let s = -199 + 372. What is the remainder when s is divided by l(8)?
84
Let s = 56 + -62. Suppose -3*l = -2*r + 59, r - 46 = -0*r - 4*l. What is the remainder when r is divided by (90/(-60))/(s/52)?
8
Let n = -3661 + 3893. What is the remainder when n is divided by 74?
10
Let t be 1/(-1*(4 - 3621/906)). Let j = t + 484. Suppose 4*q = -4*h + 28 + 116, 2*h - q = 75. Calculate the remainder when j is divided by h.
34
Let f(s) = 73*s + 816. Calculate the remainder when f(-3) is divided by 78.
51
Suppose r - 75 = -5*p + 132, -4*r = -2*p - 828. Calculate the remainder when 219 is divided by r.
12
Calculate the remainder when (83 + 7)/18*810/25 is divided by 41.
39
What is the remainder when 1590 is divided by ((-30)/4 - 0)*((-432)/(-10))/(-12)?
24
Suppose -u - 5*k + 39 = -40, 0 = -4*u + 4*k + 268. Calculate the remainder when 180 is divided by u.
42
Let y = 386 - 401. Let q(o) = o + 113. Calculate the remainder when q(y) is divided by 25.
23
Let x(g) = -4*g - 4. Let v(y) = y + 764 - 764. Let i(d) = -8*v(d) + x(d). Calculate the remainder when 121 is divided by i(-3).
25
Let b = 107271 - 107063. Calculate the remainder when b is divided by 14*(1 + 0)/1.
12
Suppose -z + 69 - 52 = 0. Let k(g) = -g**2 - 38*g - 2. Calculate the remainder when k(-34) is divided by z.
15
Suppose -5328 = 191*c - 207*c. What is the remainder when 344 is divided by c?
11
Suppose 0 = -2*c + 5*k + 6 - 2, 3*k - 41 = -5*c. Let j be -3*190/(-135) - 8/36. What is the remainder when (j/8)/(2/96) is divided by c?
3
Let u = -783 + 896. What is the remainder when u is divided by 58?
55
Let w(i) = -i**2 + 10*i + 12. Let n be w(12). Suppose 4*h = 2*k + 1356 - 380, 1217 = 5*h - k. What is the remainder when (-3)/